and 765?
255
What is the highest common divisor of 146 and 14?
2
What is the greatest common factor of 528 and 208?
16
Calculate the greatest common factor of 30 and 1590.
30
Calculate the greatest common divisor of 2739 and 83.
83
Calculate the highest common factor of 1 and 67.
1
Calculate the highest common divisor of 1235 and 130.
65
Calculate the highest common factor of 15 and 980.
5
What is the highest common divisor of 8 and 1620?
4
What is the highest common divisor of 72 and 1800?
72
What is the greatest common divisor of 272 and 128?
16
Calculate the highest common divisor of 120 and 880.
40
Calculate the highest common divisor of 320 and 110.
10
Calculate the highest common factor of 4775 and 10.
5
What is the greatest common divisor of 32 and 5416?
8
What is the greatest common divisor of 44 and 2100?
4
Calculate the greatest common factor of 374 and 1683.
187
What is the highest common factor of 4383 and 27?
9
Calculate the greatest common factor of 21 and 14343.
21
Calculate the greatest common divisor of 1690 and 10.
10
What is the highest common divisor of 81 and 2349?
81
What is the highest common divisor of 8 and 32?
8
What is the greatest common factor of 192 and 36?
12
What is the greatest common divisor of 14 and 126?
14
Calculate the greatest common factor of 414 and 322.
46
Calculate the greatest common factor of 2 and 90.
2
What is the greatest common divisor of 106 and 477?
53
Calculate the highest common factor of 73475 and 25.
25
What is the greatest common factor of 3534 and 186?
186
What is the greatest common divisor of 4 and 2834?
2
What is the highest common divisor of 6004 and 76?
76
Calculate the greatest common divisor of 16 and 1712.
16
What is the highest common divisor of 1394 and 102?
34
What is the greatest common divisor of 42 and 15918?
42
Calculate the highest common factor of 76 and 4.
4
Calculate the highest common factor of 423 and 9.
9
Calculate the highest common factor of 12 and 8.
4
Calculate the highest common divisor of 3 and 3.
3
What is the highest common divisor of 21 and 1101?
3
Calculate the highest common factor of 6 and 315.
3
Calculate the highest common factor of 1582 and 14.
14
Calculate the greatest common factor of 1434 and 36.
6
Calculate the highest common divisor of 412 and 515.
103
What is the highest common factor of 12 and 42?
6
Calculate the greatest common divisor of 2766 and 6.
6
What is the greatest common divisor of 1710 and 90?
90
Calculate the highest common factor of 28 and 154.
14
Calculate the highest common divisor of 7265 and 15.
5
What is the greatest common factor of 28119 and 273?
273
What is the greatest common divisor of 19 and 361?
19
What is the greatest common divisor of 1832 and 8?
8
What is the highest common factor of 34 and 12886?
34
What is the highest common factor of 10 and 900?
10
What is the highest common factor of 410 and 246?
82
Calculate the highest common factor of 3888 and 6.
6
Calculate the greatest common factor of 9 and 201.
3
Calculate the greatest common divisor of 54 and 2349.
27
Calculate the greatest common factor of 414 and 322.
46
Calculate the greatest common divisor of 39 and 1833.
39
Calculate the greatest common divisor of 69 and 15.
3
What is the greatest common factor of 30 and 70?
10
Calculate the greatest common factor of 63 and 6741.
63
What is the greatest common divisor of 70 and 280?
70
Calculate the greatest common divisor of 135 and 369.
9
Calculate the greatest common factor of 10 and 110.
10
Calculate the greatest common divisor of 84 and 308.
28
What is the greatest common divisor of 219 and 146?
73
Calculate the greatest common factor of 9882 and 81.
81
What is the highest common divisor of 56 and 14?
14
Calculate the highest common divisor of 828 and 7636.
92
What is the highest common factor of 44 and 3080?
44
Calculate the greatest common divisor of 893 and 76.
19
What is the greatest common factor of 15 and 20?
5
What is the highest common divisor of 8 and 136?
8
What is the highest common factor of 472 and 24?
8
Calculate the highest common divisor of 176 and 61424.
176
Calculate the highest common divisor of 20 and 8.
4
What is the highest common divisor of 93 and 24?
3
Calculate the greatest common factor of 1300 and 200.
100
Calculate the highest common factor of 4510 and 220.
110
What is the greatest common divisor of 80 and 25?
5
What is the highest common divisor of 53768 and 13?
13
What is the greatest common divisor of 27416 and 184?
184
Calculate the highest common factor of 370 and 540.
10
Calculate the highest common divisor of 4802 and 14.
14
What is the greatest common factor of 858 and 440?
22
Calculate the highest common divisor of 222 and 21867.
111
Calculate the greatest common divisor of 825 and 132.
33
Calculate the highest common divisor of 418 and 176.
22
Calculate the greatest common factor of 58 and 4.
2
Calculate the highest common factor of 165 and 220.
55
What is the highest common factor of 1008 and 7280?
112
Calculate the greatest common factor of 25 and 650.
25
What is the highest common divisor of 126 and 1674?
18
Calculate the greatest common factor of 32 and 4.
4
Calculate the greatest common factor of 270 and 192.
6
What is the greatest common divisor of 448 and 497?
7
What is the greatest common factor of 5536 and 2249?
173
Calculate the highest common factor of 112 and 5496.
8
What is the highest common divisor of 4 and 508?
4
What is the highest common factor of 8047 and 13?
13
Calculate the highest common divisor of 78 and 156.
78
Calculate the highest common factor of 493 and 377.
29
What is the highest common factor of 260 and 1638?
26
What is the greatest common factor of 275 and 400?
25
What is the highest common factor of 339 and 113?
113
What is the greatest common factor of 44 and 330?
22
Calculate the highest common factor of 672 and 12.
12
What is the greatest common factor of 66 and 726?
66
Calculate the greatest common divisor of 123 and 41.
41
Calculate the highest common factor of 4266 and 594.
54
Calculate the highest common divisor of 12 and 446.
2
What is the greatest common divisor of 23120 and 20?
20
What is the greatest common divisor of 95 and 4541?
19
Calculate the greatest common factor of 8 and 1784.
8
Calculate the highest common factor of 1701 and 63.
63
What is the greatest common divisor of 322 and 7?
7
Calculate the greatest common divisor of 2 and 1238.
2
What is the greatest common divisor of 512 and 10?
2
Calculate the greatest common factor of 224 and 96.
32
What is the greatest common divisor of 30 and 10545?
15
Calculate the greatest common factor of 40 and 110.
10
Calculate the highest common divisor of 2645 and 207.
23
What is the greatest common divisor of 660 and 30?
30
Calculate the greatest common factor of 69 and 3.
3
What is the highest common factor of 832 and 32?
32
What is the greatest common factor of 845 and 5?
5
What is the greatest common factor of 120 and 1260?
60
Calculate the greatest common factor of 38 and 1634.
38
What is the highest common factor of 512 and 752?
16
What is the greatest common divisor of 858 and 462?
66
What is the greatest common factor of 158 and 2?
2
Calculate the highest common factor of 468 and 52.
52
What is the highest common factor of 242 and 39446?
242
What is the greatest common factor of 35 and 13265?
35
Calculate the greatest common divisor of 660 and 195.
15
What is the greatest common divisor of 236 and 9617?
59
Calculate the greatest common divisor of 517 and 188.
47
What is the greatest common divisor of 2431 and 11?
11
What is the greatest common divisor of 112 and 368?
16
What is the highest common divisor of 2 and 27?
1
What is the greatest common factor of 28 and 28?
28
Calculate the highest common divisor of 481 and 296.
37
What is the greatest common factor of 2034 and 9?
9
Calculate the greatest common factor of 1139 and 402.
67
Calculate the greatest common factor of 60 and 3150.
30
Calculate the greatest common factor of 141 and 12.
3
What is the highest common divisor of 45 and 495?
45
Calculate the highest common divisor of 26306 and 28.
14
What is the greatest common factor of 3962 and 42?
14
Calculate the greatest common factor of 54 and 1314.
18
What is the greatest